 4*s**2 - 3*s + 3. Let r be (7 - 244/28)/(6/(-28)). What is v(r)?
-3
Let k(l) = l**2 - 2*l - 1. Let v be k(4). Let b(s) = -2 + v*s + 0*s - 2*s. What is b(3)?
13
Let u(q) = -q**3 + 7*q**2 - 3*q + 11. Let b be u(7). Let s(k) = -k - 2. Determine s(b).
8
Suppose 5*n - 17 + 2 = 0. Let z(i) = 3 - 4*i + n + 3*i + i**2. Let o = 2900 - 2900. What is z(o)?
6
Let v(x) be the first derivative of x**3/3 + 5*x**2/2 - 2*x + 213. What is v(-8)?
22
Let q(w) = w**2 + w. Let p(j) = j**2 - 3*j + 6. Let l(n) = -p(n) + 2*q(n). Let a = -86 + 81. Determine l(a).
-6
Let u be (-21)/(-6) - 2/(-4). Suppose -u*q = -2*q - 2. Let w(j) = 2*j - q + j - 7*j - 3*j. What is w(-1)?
6
Suppose 4*c + 24 = 4*u, 4*c + c - 4*u + 25 = 0. Let a be c - 0/1 - 5. Let d(f) = -f - 10. What is d(a)?
-4
Let i(w) = -6*w**2 + 23*w + 7. Let s(f) = 30*f**2 - 120*f - 36. Let b(q) = -21*i(q) - 4*s(q). Calculate b(3).
42
Let p(y) = -4*y**2 + 5*y**2 - 16 + 39 - 17 - 11*y. What is p(9)?
-12
Let p(u) = 2*u. Let o(d) = d**2 + 2*d - 2. Let x(v) = -3*v + 14. Let s be x(6). Let l be o(s). Suppose -l = 5*n - 11. Give p(n).
2
Let i(c) be the second derivative of -3/2*c**2 - 1/6*c**4 - 2/3*c**3 + 0 + 8*c. Determine i(-2).
-3
Let g(r) = -5*r - 3. Let l(n) = n**3 + 3*n**2 - 2*n + 6. Let c be l(-4). Determine g(c).
7
Let t(m) = -m - 18. Let u(y) = -y**3 + 54*y**2 - 44*y - 497. Let f be u(53). Determine t(f).
2
Suppose y - 14 = -5*i + 26, 0 = -3*i - y + 24. Let n(o) = -o**2 + 10*o - 14. What is n(i)?
2
Suppose 10 = 4*h + h. Suppose -n + 0 = -h. Let f(b) = -b**n - b + 6*b + 2*b**2 - 105 + 102. Calculate f(-6).
3
Let u(t) = -t**3 + t**2 + t - 3. Let i(b) = b**2 - 1. Suppose s + 1 = -4*g, 0 = -5*s + 5*g - 1 - 4. Let m be i(s). Determine u(m).
-3
Let p(k) = -4*k - 3. Let m be (-12)/(-4) - 5 - 1. Let z = m + -1. Let j be (16/(-12))/(z/(-6)). Give p(j).
5
Let g(z) = 10*z**3 - 10*z**2 - 7*z + 3. Let x(b) = -12*b**3 + 13*b**2 + 8*b - 3. Let o(m) = -4*g(m) - 3*x(m). Determine o(2).
-23
Let t(z) be the first derivative of z**4/24 + z**3 + 11*z**2 - 7. Let l(h) be the second derivative of t(h). What is l(6)?
12
Let r(v) = v**3 + 4*v**2 - 2*v - 4. Let b = 443 - 445. Determine r(b).
8
Suppose -56 = -25*b - 156. Let x(h) be the third derivative of h**7/2520 + h**5/60 - 2*h**2. Let g(w) be the third derivative of x(w). Determine g(b).
-8
Let t(q) be the first derivative of -q**2/2 - q + 558. Let v be (1/(-2))/1*12. Calculate t(v).
5
Let a = 215 - 215. Let p(b) = b + 8. What is p(a)?
8
Let l(d) be the third derivative of d**5/60 - 7*d**4/24 + 3*d**3/2 + d**2. Let q be (-3 + 8 + -4)*-205. Let p be 2/14 + q/(-35). What is l(p)?
3
Let r(w) be the third derivative of -5/24*w**4 + 0*w**3 + 0 + 0*w + 6*w**2. Calculate r(-3).
15
Let w(a) = 6 - 13 - 4*a**2 + 8. What is w(1)?
-3
Suppose -3 + 4 = m. Let v(c) = -c**2 - c - 1. Let g(s) = -6*s**2 - s - 6. Let t(q) = m*g(q) - 5*v(q). Let x = -1 - -6. Calculate t(x).
-6
Let b(q) be the third derivative of -q**6/120 - 5*q**3/3 + 52*q**2. Determine b(0).
-10
Let v(q) = -q**3 - 9*q**2 + 10*q + 11. Let x be (-6)/(-20) + (-12463)/1210. What is v(x)?
11
Let t(c) = 2*c**3 + 49*c**2 - 19*c + 157. Let w be t(-25). Let f(j) = 2*j - 20. Determine f(w).
-6
Let p(l) = -4*l - 1. Let f(w) = -w - 7. Suppose -2*j = -9 + 19. Let r be f(j). Determine p(r).
7
Let p be (-1067)/(-121) - 4/(-22). Let n(r) = -5*r**2 - 2*r - p*r**2 + 5 + 13*r**2. Calculate n(-4).
-3
Let c(z) = 7*z**2 - 3*z + 6. Let t(g) = 8*g**2 - 4*g + 6. Let f(p) = 7*c(p) - 6*t(p). What is f(-3)?
6
Let d = -1801/51 - -606/17. Let r(j) be the third derivative of 0 - 10*j**2 + 1/12*j**4 + 0*j + d*j**3. Calculate r(-6).
-10
Let o(l) = -12*l**3 - 3*l**3 + 12*l - 5*l**2 - 2 - 5*l**3 - 17*l + 19*l**3. Give o(-3).
-5
Let m(c) = -c**3 - c**2 + 1. Let w be (12 - -4)*(-2)/(-2). Let g be w/(-7) - 10/(-35). What is m(g)?
5
Let u = -2 + -8. Let q = u - -15. Suppose 4 + 0 = -4*v, 2*s - q*v - 1 = 0. Let c(x) = -5*x - 2. Determine c(s).
8
Let k(w) = w**3 + 4*w - 1 + 0*w + 3 + 6*w**2 - 3. Let g be (7 + -8)*(-2 + 1). Let o(q) = -4*q - 1. Let u be o(g). Determine k(u).
4
Let j(h) be the third derivative of 1/6*h**4 - 1/120*h**5 + 0*h + 0 - 3*h**2 + 1/6*h**3. Let w(d) be the first derivative of j(d). Calculate w(-5).
9
Let r(k) = -2*k**2 - k. Suppose -8 = -5*l + 7. Suppose -3*y + 5 = a + 3, -2 = l*y + 2*a. Suppose t + 0*t = -y*w - 2, 5*t = 0. What is r(w)?
-1
Let n = -13 + 13. Suppose n = 9*o - 10*o + 2. Let r(s) = -5*s**2 + 7*s + 5. Let d(m) = -4*m**2 + 6*m + 4. Let g(f) = 6*d(f) - 5*r(f). What is g(o)?
5
Let h be (-2)/6*(5 - 14). Suppose 0 = -h*g - f - 21, -g - 1 = 3*f - 2. Let p = -6 - g. Let c(s) = -2*s**3 + s**2 + 3*s - 1. What is c(p)?
-7
Let p(c) be the second derivative of -c**4/12 + c**3/3 - c**2/2 - 4*c - 6. What is p(5)?
-16
Let w(m) = -3*m + 20. Let k(p) = -p + 1. Let x(v) = -4*k(v) + w(v). Determine x(11).
27
Let y = 1218 + -1202. Let m(i) = 7*i - 113. What is m(y)?
-1
Let i(w) = 4*w**3 + 3*w**2 - 2*w. Let r be (2 + 3)/((-20)/48*-6). Calculate i(r).
40
Let y be 1 + 0 + -16 + 42. Let u(g) = -3*g + 1 + 15*g - y*g. Determine u(2).
-29
Let x(v) = -v**2 + 16*v + 24. Let m be x(17). Let c(p) = -3*p + 9. Let a(k) = 3*k - 9. Let y(l) = 3*a(l) + 2*c(l). What is y(m)?
12
Let b(h) = 2*h**3 + 11*h**2 - 6*h + 4. Let k be b(-6). Let u(p) = 10*p - 7*p - 7*p**2 - 6*p + p**3 + k. What is u(7)?
-17
Suppose x - 3*x = 3*g - 39, -x = 3. Let m be -10*10/g*-3. Suppose 14*u - 10*u = -m. Let j(f) = 2*f + 1. Calculate j(u).
-9
Let p(g) = -g**2 - 22*g - 40. Let q be p(-20). Suppose -6*x - 5*w = -9*x - 4, q = -3*x + 4*w + 1. Let z(i) = -i**2 + 5*i. Give z(x).
-14
Let z(a) = -a. Suppose g = h - 3, -5*g + h - 25 = 6*h. Let v = g - -3. What is z(v)?
1
Let j(x) = x**3 + 15*x**2 - 3*x + 922. Let m be j(-18). Let w(k) = 6*k - 13. Let f(u) = -7*u + 14. Let n(l) = 5*f(l) + 6*w(l). What is n(m)?
-4
Suppose 21*u = -7*u + 140. Let m(d) be the first derivative of -d - 1/2*d**2 - u. Give m(4).
-5
Let k(x) = x - 3. Suppose 24 = 4*d - 4*m, d + 2*m - 4*m = 11. Let a be (-1)/d + (-1 - -2). Determine k(a).
-3
Suppose 7*y + 6 = 41. Let k(x) = x**3 - 5*x**2 + x. Give k(y).
5
Let f(x) = -2*x - 7 - 6 + 3*x - 4*x + 3. Give f(-8).
14
Let h(c) = c - 9. Let w(n) = -n + 5. Let b(s) = -3*h(s) - 5*w(s). Suppose -3*y = 5 + 4. Determine b(y).
-4
Let m(y) be the first derivative of y**2/2 - y + 1. Let p = -1441 - -1436. What is m(p)?
-6
Let j be ((3 - 0)/6)/(15/30). Let h(w) = 32*w + 1. Calculate h(j).
33
Let i(z) = 7*z - 6. Let w = 220 + -216. Calculate i(w).
22
Let h(n) = -n**2 + n. Let y(l) = -4*l**2 + 4*l + 6. Let w(r) = 5*h(r) - y(r). Suppose 4*f = 5*i + 14 - 51, f - 17 = -4*i. Let j be (-3)/3*f - 3. Calculate w(j).
-6
Let h(l) = -2*l**2 + l + 1. Let q be 52/5 - (-3)/5. Let m(g) = -3*g**2 + 2*g + 2. Let i(v) = q*h(v) - 6*m(v). Let s(o) = o. Let p(c) = i(c) + 4*s(c). Give p(2).
-11
Let t(h) = h**3 + 2*h**2 - 4*h - 2. Let k be (-2)/(3 + 7/(-3)) + 15. Let b be (-4*1)/(4/20). Let l be k/10*b/8. Determine t(l).
1
Let c = 40 - 36. Suppose c*s = -z + 3 + 5, -5*s + 25 = 5*z. Let a(w) = -2*w + 0*w + 1 + 2 + w. Determine a(z).
-1
Let q(g) be the first derivative of 1/12*g**4 + 1/2*g**3 + 0*g - 3/2*g**2 + 2. Let f(i) be the second derivative of q(i). What is f(4)?
11
Let r be 0/(((1 - 0) + 0)*-1). Suppose 4*c - 2*t = -2, -c - 5 = -r*c + t. Let a(n) = -2*n**2 - 4*n - 3. Determine a(c).
-3
Let q(y) = -2*y. Let c(x) = -8*x + 92. Let j be c(12). Determine q(j).
8
Suppose 4*h - 5*y = -1, 3*y = -2*h + 2*y + 17. Let v(p) be the second derivative of 1/6*p**3 - 12*p - 7*p**2 + 0. What is v(h)?
-8
Let w(i) = i**2 - 4*i - 4. Let u be w(7). Suppose n = -4*j + 13, 0*j + 5*j - u = -n. Let b(x) = -j*x**3 + 2 - 2 + 1 + 0. Calculate b(-1).
5
Let k = 79 - 81. Let d(w) = -18*w. What is d(k)?
36
Suppose -3*k + 6 = 3*z - 6*z, 2*k = 0. Let c be (40/(-16))/((-1)/z). Let u be (-10)/c*1/(-2). Let j(s) = -2*s**2. Give j(u).
-2
Let s(j) = 3*j + 9. Let k(r) = -3*r - 9. Let h(w) = -4*k(w) - 3*s(w). Let m(c) = -2*c - 4. Let b(d) = -3*h(d) - 5*m(d). What is b(-7)?
-14
Suppose 5*c + 4 = 2*r, -5*c - 2 - 6 = -4*r. Let x(q) = 2*q + q - 7 + c*q - 4*q. What is x(-6)?
-1
Let c(g) = -g**2 + 125*g + 131*g + 4 - 264*g. What is c(-10)?
-16
Let i(f) = f + 16. Let d be i(-14). Suppose -d*k + 5*q = 2*q - 20, -2*k + q = -24. Let n(g) = g**2 - 1 - 4*g**3 + k*g - 1